s divided by (-1)/(-1)*(15 - 1).
11
Let p = 2 - -10. Let m(t) = t**3 - 7*t**2 + 5*t + 8. Let x be m(6). Suppose 0 = x*w - 5*w + 21. Calculate the remainder when p is divided by w.
5
What is the remainder when 74 + (-3 - -2 - -3) is divided by 7?
6
Suppose -50 = s + 4*c - 20, -4*s + c = 120. Calculate the remainder when 15/s + 133/2 is divided by 17.
15
Let n(f) = 2*f + 4. What is the remainder when n(9) is divided by 5?
2
Suppose 5*b = -0*b - 170. Let c = 53 + b. What is the remainder when 75 is divided by c?
18
Let n(h) be the third derivative of -1/60*h**5 - 1/6*h**4 + 0 - 1/6*h**3 + 2*h**2 + 0*h. What is the remainder when 4 is divided by n(-2)?
1
Let t = 30 - 9. What is the remainder when t is divided by 13?
8
Let i = 6 - -18. What is the remainder when 80 is divided by i?
8
Suppose 2*p - 1 = -i - 2*p, 0 = 3*i - 4*p - 51. What is the remainder when 1020/130 - (-2)/i is divided by 5?
3
Let f = -5 + 10. Suppose f*d = 1 + 19. What is the remainder when (-21)/2*4/(-6) is divided by d?
3
Suppose 3*g + 4 + 7 = h, 0 = -3*g + 5*h + 5. Let i be g/((-5)/(-4)) + -2. Let r = 10 + i. What is the remainder when 13 is divided by r?
1
Suppose -4*m + 3*b = -40, 3*b + 5 = 5*m - 6*m. What is the remainder when m is divided by 4?
3
Let k(v) = -v**3 + 5*v**2 + 8*v - 6. Suppose 5*i - 4*a - 1 = 0, 4 = 2*i + 4*a - 2. Let f be i + 0/(-1) - -5. What is the remainder when 10 is divided by k(f)?
4
What is the remainder when (-19 + 18)/(2/((-332)/2)) is divided by 32?
19
Let t = -229 + 320. Let l = 38 + -7. Calculate the remainder when t is divided by l.
29
Let o = -44 + 97. Calculate the remainder when o is divided by -3 + 30 - (0 - 1).
25
Let d(u) = u**3 - 5*u**2 - 2*u + 4. Let p(f) = 2*f**2 - 5*f + 2. Let i be p(3). Let r be d(i). What is the remainder when (r + -1)*-2 - -2 is divided by 9?
7
Let k(n) = 2*n**2 + n + 2. What is the remainder when 43 is divided by k(3)?
20
Suppose -1 = 5*y - 46. Let x(v) = 6*v + 89. Calculate the remainder when x(-9) is divided by y.
8
Let f(i) = -i**2 + 11*i + 5. Let a(m) = -m - 5. Let z be a(-7). Suppose 0 = -0*n + z*n - 24. Calculate the remainder when f(5) is divided by n.
11
Suppose 4*t - 7 = 1. Let s(x) = -2*x + 2. Let d be s(t). What is the remainder when 15 is divided by d/5 - 42/(-5)?
7
Suppose u - 2*p + 20 = 3*p, -4 = 4*u - p. Let b(y) = 6 - y - 1 + 1. Calculate the remainder when 15 is divided by b(u).
3
Suppose n + 2*n = -4*f + 22, 2*f - 6 = n. Calculate the remainder when 7 is divided by n.
1
Let v be ((-4)/(-3))/((-4)/(-6)). Suppose v = -b - 0. What is the remainder when 38 is divided by 1*b + -1 + 16?
12
Let a(m) = 6*m**2 - 4*m + 3. Let q = 0 + 2. What is the remainder when a(q) is divided by 7?
5
Suppose -r = r + 2*d - 106, 0 = -r - 2*d + 50. What is the remainder when r is divided by 29?
27
Let w(j) = 8*j - 3. Let f(v) = -1 + 6*v + 0*v**2 + v**3 - 2*v**2 - 3*v**2. What is the remainder when w(2) is divided by f(4)?
6
Suppose 4*c = -0*s + 2*s - 14, -4*s + 17 = 3*c. Let f = 17 - s. Suppose -v = -4*d - 2*v + 145, 165 = 5*d - 2*v. Calculate the remainder when d is divided by f.
11
Let i = 16 - -11. What is the remainder when 8*(-1 - (-22)/2) is divided by i?
26
Let k(r) = -r**3 + 5*r**2 - 4*r. Let x be k(4). Suppose -2*c + 2*s + 0 - 2 = 0, 5*c + 4*s + 5 = x. Let t = c - -2. What is the remainder when 2 is divided by t?
0
What is the remainder when (29 - -1) + (0 - -2) is divided by 17?
15
Let r = 4 + 0. Suppose 0 = -r*u + 25 + 11. Calculate the remainder when 17 is divided by u.
8
Suppose -3*g = -5*g + 32. Suppose 0 = -2*n + 58. Calculate the remainder when n is divided by g.
13
Suppose -24 = -5*t + x, -5*x = 3*t - 32 + 12. Suppose 15*b - 13*b = 38. Calculate the remainder when b is divided by t.
4
Suppose 3*f = -2*i + 15, -4*i + 2*f + 44 = -10. Calculate the remainder when 46 is divided by i.
10
Suppose 23*q - 500 = 18*q. What is the remainder when q is divided by 35?
30
Let y(x) = -19*x - 1. Let g = 5 + -6. Let l be y(g). Suppose 0*d = 3*d - l. Calculate the remainder when d is divided by 4.
2
Suppose -94 = -2*a - 12. Suppose 0 = 4*n - 3*n + 4*q - 2, -3*n = 4*q - 30. Calculate the remainder when a is divided by n.
13
Let w(v) = v**3 - 9*v**2 + 7*v + 10. Let f be w(8). Suppose 36 = f*h + h. Calculate the remainder when h is divided by 7.
5
Let t(j) = 2*j**3 + 3*j**2 - 2*j + 1. Let m be t(2). Let l = 36 - m. Calculate the remainder when 0 - -1 - 10*-2 is divided by l.
10
Let q(w) = 2*w**2 + 4*w - 4. Let g be q(-4). Suppose -5*s + g + 13 = 0. What is the remainder when s is divided by 3?
2
Let j(a) = 2*a + 3*a**2 + 1 - 2*a**2 + 2*a**2. Calculate the remainder when j(-1) is divided by 2.
0
Let h = 113 + 6. Calculate the remainder when h is divided by 24.
23
Suppose -4*q = 5*v - 49, 2*q - 28 - 4 = -4*v. Calculate the remainder when (-11)/(3/q + -1) is divided by 12.
10
Let g(h) = 2*h**3 - 5*h**2 - 3*h - 4. Let u(a) = 3*a**3 - 11*a**2 - 7*a - 7. Let d(b) = 5*g(b) - 3*u(b). What is the remainder when 29 is divided by d(-7)?
5
Let r(h) = -h - 6. Suppose 0 = -2*g + 8 + 4. What is the remainder when g is divided by r(-10)?
2
Suppose d = -3*h, -2*d + 8*h - 4*h = 0. Let o(s) = s + 1. Let q(x) = -4*x - 5. Let f(j) = -9*o(j) - 2*q(j). Calculate the remainder when f(d) is divided by 1.
0
Calculate the remainder when (-2 + (-24)/(-15))/((-10)/850) is divided by 13.
8
Let h(a) = a**2. Let v be h(-1). Calculate the remainder when v*-1*(-6 - -2) is divided by 2.
0
Suppose -2*p = -a + 2*p - 14, 0 = -3*a - 4*p + 22. Let j(u) = 3*u**3 - u**2 - 2*u - 1. Calculate the remainder when j(a) is divided by 9.
6
Suppose -5 - 43 = -4*h. Let k = h + -7. Suppose -48 = -5*i + 4*l, 0 = i - 0*l + 5*l + 2. What is the remainder when i is divided by k?
3
Suppose -3*t - r = -3, 0 = -4*t - 4*r + r + 4. Suppose 0 = -2*i - 5*x - 19, 2*i = 3*i + x + 2. Calculate the remainder when i is divided by t.
0
Suppose 2*b = -5*r - 7, -b - 7*r = -2*r + 11. Suppose -b*u + 47 = -13. Let p = 189 + -132. Calculate the remainder when p is divided by u.
12
Let t(h) = h**2 - h - 1. Let o be t(-2). Let b = 10 - o. What is the remainder when 17 is divided by b?
2
Let k be 1/1 + (7 - 2). Let y = k + -1. What is the remainder when y is divided by 2?
1
Let w(x) = -2*x - 1. Let j be w(-5). Let h(y) = -y + 15. What is the remainder when 10 is divided by h(j)?
4
Let v(a) be the first derivative of 59*a**4/4 - 2*a**3/3 + a**2/2 - 3. Calculate the remainder when v(1) is divided by 20.
18
Calculate the remainder when 28 is divided by (-1)/(((-33)/(-30))/(-11)).
8
Let r = 120 + -85. Let y = -26 + 38. Calculate the remainder when r is divided by y.
11
Let y(o) = o**2 + o - 4. Let z be y(-3). Suppose -165 = -3*j - z*h, -h = j + 2*h - 55. What is the remainder when j is divided by 19?
17
Suppose 0*w - 12 = w. Let q(l) = -l + 3. Calculate the remainder when (1 + (-34)/6)*-6 is divided by q(w).
13
Suppose -4*n - 7 = -43. Let k = -31 - -65. What is the remainder when k is divided by n?
7
Let j = 115 - 112. Let p = 2 - -12. Calculate the remainder when p is divided by j.
2
Let x(p) = 46*p. Suppose -1072 = 2*z + 2*z. Calculate the remainder when x(1) is divided by z/(-16) - (-6)/(-8).
14
Let y(a) = -2*a + 4. Let r(g) = 1. Let i(z) = 20*r(z) - 5*y(z). Calculate the remainder when 19 is divided by i(1).
9
Let t(b) = -3*b + 74. Calculate the remainder when t(18) is divided by 14.
6
What is the remainder when 158 is divided by (3 + 28/(-8))/(2/(-160))?
38
Let w = -2 - -8. What is the remainder when 23 is divided by w?
5
Let s(x) = -4*x - 3. What is the remainder when 23 is divided by s(-3)?
5
Suppose -2*u - f + 66 = 0, 5*u + 8*f - 5*f = 165. Calculate the remainder when 93 is divided by u.
27
Let b(f) = -2*f. Let n(u) = 3*u - 4. Let z(k) = 4*b(k) + 2*n(k). Suppose 3 - 10 = m. Calculate the remainder when z(m) is divided by 3.
0
Let h = -2 + 4. Suppose 0 = 2*c + h*z - 2, -c - 4*z = z - 1. Suppose -6*f = -2*f - 8. Calculate the remainder when f is divided by c.
0
Let w(h) = 4*h. Let c be w(-1). Calculate the remainder when 2/c*-2*43 is divided by 9.
7
Let q = 144 - 93. Calculate the remainder when q is divided by 11.
7
Suppose 3*n = 8*n + 4*t - 90, -4*t = 0. What is the remainder when 29 is divided by n?
11
What is the remainder when (1 - -1)/(2/52) is divided by (-126)/(-8) + 2 - (-3)/12?
16
Let g